 composite?
False
Let h(a) = -12*a + 10. Suppose 22 = -4*b + t - 0*t, 0 = -5*b + 3*t - 24. Is h(b) composite?
True
Let o be ((-10)/3)/((-10)/15). Suppose -o*l - 16 = -4*a, 3*l + 3*a - 8 = a. Is (-2)/(l - (-4)/(-106)) composite?
False
Is -1 + 1626 - ((-24)/6 + 8) composite?
False
Suppose 12 = -3*f, -2*c = 2*f + 23 - 77. Let n = c - 19. Is 15/n*(50 - -2) a prime number?
False
Let z = 16 + -697. Let c be (6/9)/(2/z). Let k = -124 - c. Is k a prime number?
True
Let x(o) = 32*o**2 - 2*o + 3. Let d be (2 - 21/9)*-6. Is x(d) a composite number?
False
Let s be (-2)/(-3 - -8 - 3). Suppose 3*g = 2*q - 7*q + 100, 5*q - 100 = 2*g. Is (s - -7)*q/8 a prime number?
False
Let b = 2 - -24. Is b a prime number?
False
Let f be (-2)/(3 - (-714)/(-237)). Suppose -f = -3*g + 280. Suppose 0 = 5*q - 2*b - g - 155, 2*q - 4*b = 130. Is q composite?
False
Is (-202830)/(-40) + 2/8 a prime number?
False
Let f be ((-3)/9)/((-2)/12). Suppose 0*w + f*w + 5*i - 10 = 0, -2*w + 10 = -i. Suppose 30 = -2*s + 4*a + 198, -a = -w. Is s a composite number?
True
Let f(i) = 23*i**2 - 7*i + 6. Let r be f(5). Suppose -44 + r = 2*q. Is q prime?
True
Let p = -519 + 866. Is p a composite number?
False
Suppose 2*i + 4*d - 1142 = 0, -2*i - 5*d - 550 = -3*i. Is i a prime number?
False
Suppose -1719 = 4*s - 7*s + z, -2*s = -4*z - 1146. Suppose -2*b + s = b. Is b composite?
False
Let q(y) = 3*y**3 - 5*y**2 + y + 2. Let a(v) = 4*v**2 - v - 1. Let j be a(-1). Is q(j) a prime number?
False
Let z(m) = -m**2 - 5*m - 1. Let x = -10 - -6. Let t be z(x). Suppose -4*l = -t*d + 55 + 2, -2*d + 38 = 3*l. Is d a prime number?
True
Let i = 3 - 0. Suppose y - i = -1. Is y composite?
False
Let n = 55 - -6. Suppose t = -2 + n. Is t prime?
True
Let b = -54 + 386. Suppose 0 = -p - 3*p + b. Is p composite?
False
Is (2/4)/((-1)/(-422)) composite?
False
Let y(t) = 139*t**2 - t. Let c be y(1). Suppose 2*k = -j - 48, 0 = -3*j - 0*k - 4*k - c. Let x = j + 65. Is x prime?
True
Let n(j) = -11*j - 6. Let b(g) be the second derivative of 23*g**3/6 + 13*g**2/2 + g. Let l(x) = -2*b(x) - 5*n(x). Is l(3) composite?
False
Let w = 4258 + -2547. Is w a prime number?
False
Suppose 0 + 6 = 2*m. Suppose 3*g + 33 = d + 2*d, -m*g = 3*d - 15. Suppose -s - 1 = -d. Is s prime?
True
Let l(f) = -f**3 - 6*f**2 + 2*f + 5. Let j be l(-6). Let g(t) = -3*t - 9. Let y be g(j). Is y + -3 + (-1)/(-1) a prime number?
False
Suppose 0*q = q. Suppose q = -4*f - 159 + 511. Let d = f + -62. Is d a prime number?
False
Let g be 13 - ((-8)/(-1))/2. Let j(v) = v**2 - 7*v - 8. Is j(g) prime?
False
Let n(b) = 3*b**2 - 3*b + 1. Is n(6) composite?
True
Let t be 8/(-10)*(-15)/6. Let i(x) = -4*x**2 - 11*x - 3. Let d(n) = -13*n**2 - 34*n - 8. Let j(q) = t*d(q) - 7*i(q). Is j(-6) prime?
True
Suppose 4*r - 6*r = -216. Let t = r + -17. Is t prime?
False
Let z(r) = -3*r**3 + r**2 + 1. Is z(-3) a prime number?
False
Let v = -6 + -19. Let p = 224 + v. Is p composite?
False
Let a(w) = 2*w**2 - w - 2. Let g be a(2). Suppose -c + g = 5. Is ((-2)/c)/((-1)/(-2)) prime?
False
Suppose -2*u - 2*u - 5*f + 21 = 0, 2*u - 4*f - 4 = 0. Suppose -x + u = -5*x. Is x/(-3) + (-82)/(-6) prime?
False
Is (-1)/(-4)*-109*-4 a prime number?
True
Suppose 2*q = 181 - 51. Suppose 4*x + 4*n = 196, 3*x = 2*x - 5*n + q. Suppose 5*y = y + 2*t + 54, -5*y = 2*t - x. Is y a composite number?
False
Let l(p) = -p**3 - 4*p**2 - 2*p + 3. Let c(f) = f**3 - 11*f**2 + 10*f - 3. Let i be c(10). Let k be l(i). Suppose k = -4*h + 7*h - 777. Is h a prime number?
False
Let u = 12 - 17. Let r be 19/(-7) + 6/(-21). Let k = r - u. Is k prime?
True
Suppose 1625 = 3*r - z, -1315 = -3*r + 2*z + 312. Is r a prime number?
True
Let k(h) = -15*h**3 + 27*h**2 - 4*h - 6. Let t(p) = 7*p**3 - 13*p**2 + 2*p + 3. Let l(q) = -6*k(q) - 13*t(q). Is l(4) composite?
False
Let k(g) = g**2 - 2*g + 3. Let a be k(3). Suppose -w + 18 = l, 50 = 5*w - a*l + l. Is w composite?
True
Suppose 3*r - s = 7416, 4*s - s = 4*r - 9893. Is r a prime number?
False
Let s(g) = g**2 + 8. Let q be s(0). Let k = -6 + q. Suppose k*j = 17 + 13. Is j a prime number?
False
Let j be 0/(-2)*1/(-3). Suppose j = 5*l - 2*l - 237. Is l a prime number?
True
Suppose -3*c - 11 = -s, 4*c - 4 = -4*s - 8. Is ((-401)/(-2))/(s/4) prime?
True
Let v(f) = 2*f**3 - 5*f**2 + 8. Let h(w) = -w**3 - 12*w**2 - 2*w - 17. Let d be h(-12). Is v(d) prime?
True
Suppose -3*a + 5 + 7 = 0. Suppose a*t + 2*n = 884, 2*t + t - 637 = 5*n. Is t composite?
True
Suppose -2*a = -8*i + 4*i - 20, -3*a = -2*i - 34. Let u be 8/a + 13/3. Is 6/(-15) + 97/u prime?
True
Let r = -906 + 472. Let a = r - -723. Is a composite?
True
Let h = -942 + 2285. Is h a prime number?
False
Let k(b) = -5*b**2 - 9*b - 33. Let i(c) = -c**2 - 2*c - 8. Let h be (-8)/5 - 2/5. Let x(d) = h*k(d) + 9*i(d). Is x(-5) a composite number?
False
Suppose -x - 10 = -6*x. Suppose l - 7 - 14 = x*j, l = 5*j + 6. Is l a composite number?
False
Let g(c) = -c**3 + 3*c**2 + 3*c - 4. Let t be g(3). Let f(o) = 2*o**2 + 3*o + 3. Let p be f(6). Suppose -t*k + p = -12. Is k a prime number?
False
Let n = 18 + -25. Let y(v) = 3*v + 9. Let m be y(n). Let a = m - -18. Is a a prime number?
False
Let a(w) = 4*w**2 + 9*w + 7. Let f be a(7). Let n = f + -107. Is n a composite number?
True
Suppose 0 = c - 2, -s + 0*c - c = -3. Is 9/9*(60 - s) a prime number?
True
Suppose 340 = h - 97. Is h prime?
False
Let a(b) = 45*b - 4. Let u(k) = 44*k - 3. Let r(z) = -2*a(z) + 3*u(z). Is r(6) prime?
True
Let o(k) = -k**2 - 22*k - 11. Is o(-9) composite?
True
Let h = 251 + -141. Let m be (-3 - (1 - h)) + -2. Suppose -4*t + 0*t + m = 0. Is t composite?
True
Is 21/(3*2/6) a composite number?
True
Let g(o) = -46*o**3 + 13*o**3 + o**2 + 1 + 2*o + 0. Let d be g(-1). Suppose -l = -4 - d. Is l a prime number?
True
Let g(h) = 14*h**3 + 4*h**2 - h - 13. Is g(4) composite?
True
Suppose -z = 4*z - 155. Suppose 2*n - z = -3*y - 10, 9 = -3*y. Is 535/n - (-4)/(-6) composite?
True
Is 1289 - (-5 - (4 - 7)) prime?
True
Let a = 7 - 5. Suppose -2*o - m + 0*m = -503, 2*m = a. Is o composite?
False
Suppose 0*s + 2*s = -b + 348, -s + b + 168 = 0. Let j = 299 - s. Is j composite?
False
Let w(b) be the third derivative of 0*b + 0 - 5/3*b**3 + 1/6*b**4 - b**2. Is w(8) composite?
True
Suppose 2*s - 180 = -0*s. Is s/4 + 5/(-10) prime?
False
Suppose 229 - 52 = c. Is c a composite number?
True
Let j(v) = -2*v - v**2 - 2*v**3 - 1 - 2*v**3 + 0*v**3. Is j(-2) a prime number?
True
Suppose 2*k + 20 = 5*a, -5*k + 5*a - 9 - 11 = 0. Suppose 3*j - 404 + 113 = k. Is j a composite number?
False
Suppose 4 = 3*q - 3*y + y, -3*q - 8 = -5*y. Let n be 1/q - (-7)/4. Suppose 2*w = 3*m - 247, -4*m = -n*w - 111 - 219. Is m a composite number?
False
Let w(a) = a**3 + 20*a**2 + 17*a - 3. Is w(-19) a prime number?
False
Suppose 0 = -3*p - 2*d - 2*d + 1905, -p = 2*d - 635. Is p a composite number?
True
Suppose -2*s - 7 = q - 2*q, 0 = 2*q + 3*s + 7. Suppose -t - q + 3 = 0. Suppose t*f = 3*f - 91. Is f prime?
False
Let p be 9/36 - 79/(-4). Is 4/(-10) + 528/p composite?
True
Suppose d - 330 = -d. Suppose 745 - d = 4*c + 4*k, 3*k = -c + 151. Suppose -c = -3*s + s. Is s composite?
False
Suppose 17*p = 1208 + 1325. Is p composite?
False
Suppose -9*o - 382 + 1687 = 0. Is o prime?
False
Let c be 2/(-3) - (-42)/9. Let u(t) = 2 + t**2 - c - 5*t + 0*t. Is u(6) a prime number?
False
Is (-1)/(-1)*(33 - -4) a prime number?
True
Suppose 3 = n - 0. Let j = 5 - n. Suppose j*b - 479 = -5*v, -36 = -5*v - b + 441. Is v prime?
False
Let k(w) = -63*w + 26. Is k(-5) prime?
False
Let f(y) = -y**3 + 27*y**2 + 15*y + 31. Is f(24) a composite number?
True
Let i be (-48 - 2) + 0/2. Let d = 109 + i. Is d a prime number?
True
Suppose -5*y + 14 = 4. Suppose 2*u - 764 = -y*u. Is u prime?
True
Suppose 10*q - 2159 = 9*q. Is q a composite number?
True
Let v(r) = 15*r - 5. Suppose 0*g = -4*g + 32. Is v(g) prime?
False
Let a be (-20)/130 - (-2)/13. Suppose 9*q - 8*q - 57 = a. Is q a composite number?
True
Suppose -5*q = 3*p - 11426, q = -2*q + p + 6864. Is q a composite number?
False
Let s = 91 + 66. Is s a composite number?
False
Suppose -2*a = 13 - 3, 640 = 5*b - a. Is b a composite number?
False
Suppose 0 = 4*y - 2*y - 752. Let n = -125 + y. Is n a prime number?
True
Let k(p) = -19*p - 2. Suppose 4*o - 2 = -6, 0 = w - 4*o + 3. Is k(w) a prime number?
True